ue of 19 + -11 + 19 + 2 + -10 - 5 - -4?
18
Calculate -135 - -269 - (-46 + 251).
-71
What is the value of 2 - (13 + -24 + 22 + -11)?
2
Evaluate 11 + (13 - 46) + 15 + 120 + -12.
101
Calculate 9 - (2 - (-6 + -2) - (-361 - -362)).
0
What is the value of (-122 - -4) + (2 - 41 - -23) - -11?
-123
What is -72 + (89 - (-69 + 108))?
-22
What is -3 + (59 - 0) + ((-4 - 5) + 3 - 4)?
46
Calculate 8 + 7 + 0 + -17 - (-49 - -9).
38
12 - -4 - 13 - 97 - (-7 - (-5 + 1))
-91
Calculate (0 + 57 + -24 - 37) + (-1 - 0) - 94.
-99
Calculate 40 + (0 - (8 + (-15 - -8) - -7 - 3)).
35
-1 + 2 + 2 + -11 + 155 + 96 + -192
51
Calculate -55 - -43 - (-2 + 8) - (61 + 4).
-83
(-1 - -5) + 33 + -63 + -19 + -7
-52
Calculate -3359 + 3348 + (-1 - (0 - 7)).
-5
What is -110 + (33 - 42) - (-9 - (5 + -8))?
-113
What is 377 + -247 + -115 - (-4 + (-1 - 1 - -2))?
19
What is 5 + 2 + 0 - (-26 + 85 + -60)?
8
Evaluate -3 - (2 - 137) - (-66 - -69 - (0 - 3)).
126
What is 17232 - 17236 - (3 + 0 - 48)?
41
61 + (4 - ((-12 - (4 - 0)) + (-86 - -111)))
56
-147 + 101 + 91 + -16 + -1
28
What is the value of -109 + 43 + -68 + 9?
-125
Evaluate (4 - 12) + (6 - 3) - (28 - 52 - -73).
-54
Calculate (21 - (6 - -11) - (14 + -17)) + -19.
-12
Evaluate 50 + (-97 + 106 - (10 + -1)) + 1 + 12.
63
What is -19 + -1 + (60 - (-33 - -86)) + 107 + 1?
95
Calculate 30 + (3 - (75 + -25)).
-17
What is -55 + 22 + 4 + 55?
26
What is the value of -2 + -1 + -1 + (-555 - -564) - 14?
-9
What is the value of (73 - (-4 - -5 - 5)) + -822 + 812?
67
What is -74 + 103 + 139 + -73?
95
-25 - (-1029 + 1146 + (2 - 27 - -1))
-118
What is the value of 1 - -23 - -1 - (30125 + -30071)?
-29
What is -4 - (-17 + 84 + -78 + (35 - 0) + 0)?
-28
What is the value of -3 + 0 + -18 + (24 - 12)?
-9
Evaluate 2 + (-4 - (-1 - -6)) - -13.
6
What is the value of -16 + (37 - (10 + -6) - -26)?
43
-2 + 1 - ((-7 - (14 - 12)) + -6)
14
Calculate 2 - (-11 + (1 + 9 - 2 - 17) - 12).
34
What is (37 - 3) + (3 - -35) + -46?
26
What is 13 - (1 - 7 - (0 - (126 - 73)))?
-34
Evaluate 56 - (-113 - -27 - -217).
-75
What is the value of (-14 - (-45 - 13) - (51 + -29)) + -102?
-80
Calculate -5 - (-9 + 41 + -55).
18
What is -49 - -46 - (-39 - (24 + 5))?
65
What is the value of (20 - -2 - (195 - (40 + 23))) + 2 + 1?
-107
9 + 0 + 1 + (100 - (307 - 339))
142
Calculate -110 + 152 + -3 + 66.
105
Calculate 31 + 71 + -115 + (1 - -18) + (0 - -1).
7
What is -5 + 16 - (19 + -62 + 32)?
22
Evaluate 7 + -8 - (6 + (10 + -10 - 15)) - -32.
40
-4 - ((28 - 82) + 5 + -13 + 28)
30
What is (1 - 2) + (34 - 36) + (46 - 42) + -31?
-30
What is 64 + -38 + -22 - (26 + 1)?
-23
What is the value of 47 + -26 + 16 + -26 - (-3 + 6)?
8
What is the value of -89 + -12 - (65 + -85)?
-81
Evaluate (-21 + (9 - -4) - 2 - -8) + -17.
-19
45 - ((19 - 12 - 17) + 3)
52
Calculate 30 + 0 - (-301 - -366).
-35
Evaluate (-9 - -48) + (-14 - 1) + -9.
15
What is 35 + 5 + -5 - (-7 + (7 - -3))?
32
What is (-9 - (4 - 15) - -11) + -80 + 2?
-65
Evaluate -28 - ((-10 - (13 - 23)) + (2 - 1)).
-29
Evaluate 149 + (65 - 19 - 19) + -49.
127
-84 - (267 + -314 + 77 + 0)
-114
-100 + -6 - (-21 + 10 + (-28 - -19))
-86
Calculate (-34 - (10 - 16)) + 48 - (-1 + 4).
17
What is 6 - (20 - 23 - (-3 + 8)) - 28?
-14
What is the value of (-3 + 23 + -25 - -94) + -13?
76
Calculate 50 - (21 + -39 + 42).
26
11 + (-4 - -16 - (111 - 98))
10
Evaluate -2 + (13 - 5) - (-82 + 2) - (-192 + 180).
98
Evaluate (2 + -28 + 37 - (5 + 0)) + 1 + 22.
29
Calculate -4 - (9 + (-5 - (8 + -7))).
-7
What is (-2 - (135 + 2)) + (-5333 - -5366)?
-106
What is -12 + 7 + 16 + (1 - 1 - -4) + -2?
13
What is the value of 12 + -1 - (18 + 20 + -62 + 5 + -9)?
39
Evaluate -70 - (-8 - 8) - -7 - (6 - 8).
-45
What is 2 - (-2 + 0 + (-347 - -337)) - (-4 + -1)?
19
Calculate 7 + -10 - -50 - 110.
-63
Evaluate -34 + -12 + -8 + 6 - 1 - 5.
-54
47 - ((-7 - -16) + -17 + 12 + -9 + -2)
54
What is -4 + (4 - 4) - ((-59 - -39) + (7 - -49))?
-40
Calculate (2 - 5 - 7 - (1 + -2)) + -367 + 405.
29
What is -19 - -1 - (-3 + (41 + -26 - 35) + 22)?
-17
Calculate (23 - -7 - 3) + 43 + -111.
-41
Evaluate -4 - (1 - (8 + (-7 - (-57 + -8 + 10)))).
51
What is the value of (10 - (10 + -12 - 2)) + -69?
-55
What is the value of (5 + -68 - 4) + (0 - (-1 - (6 - 3)))?
-63
Calculate (1 - -38) + (2197 - 2229).
7
(3 - (26 - -2)) + (-7 - 49) + 56
-25
What is the value of 0 + (-17 - (12 + -20) - 10) - 15?
-34
What is -7 + -9 - (-68 - -19) - ((4 - 8) + 16)?
21
What is the value of -53 + 13 + -5 - -25?
-20
Calculate 35 + -15 + 21 + -23 + 17 - 11.
24
Calculate 101 + -46 - 90 - -4.
-31
Evaluate 65 - (34 - (-15 + 21)) - 37.
0
What is the value of -155 + (102 - (-131 + 163))?
-85
-7 + (10 - 9 - -9 - (-80 - (-3 + 9)))
89
What is the value of -24 - (52 + 6 + -39 + -80)?
37
Evaluate (-87 - (12 - (21 + -7))) + 15 + 15.
-55
Evaluate -23 - -20 - (58 - (5 + -13 - -7)).
-62
Evaluate (6 + 22 + 20 - 19) + 8.
37
What is the value of (-28 - (0 + -71)) + -2?
41
20 + ((-11 - -12) + 8 + -6 - 102)
-79
What is -78 - (-29 + 8) - -76?
19
(-19 - 0) + 6 + (23 - 1) - -44
53
What is (124 - 33) + -47 + -10?
34
100 + -97 + 109 + -93
19
What is 2 + -16 + (-2252 - -2239)?
-27
What is the value of -17 + -4 - (-35 + -2 + 11)?
5
What is the value of (13 - 16) + 14 + 55 + (-2 - -13)?
77
What is -1 + -78 + 43 + 62 + (-16 - 0)?
10
41 + -1 + -7226 + 7239
53
Calculate 1 + 29 + 1678 + -1719.
-11
-55732 - -55687 - (-158 + -1 + 1)
113
Calculate 38 - (94 - 15) - (-7 + -1).
-33
-76 + (10 + -6 + -10 - ((-3 - 9) + -8))
-62
Calculate 172 + (4 - (-68 + 118)).
126
(17 + (-7 + -2 - -7) - 46) + 14
-17
What is the value of 47 + -103 - -69 - (-9 + 109 - (-1 - 1))?
-89
12 + -8 + -4 + -3 - -47 - -18
62
What is 0 + (13 - ((22 - 12) + 12)) + (-1 - -14)?
4
Evaluate -119 + (10 - ((5 - 16) + 29)) + -7.
-134
What is the value of (-20 + (-45 - -37) - -42) + -53 + -1?
-40
Evaluate (-9 - (9 - 38) - 5 - 29) + 19.
5
63 - 191 - -100 - -25
-3
-63 + 3 + (-14 - ((30 - 15) + -29 - 5))
-55
Calculate (-29 + -19 + 13 - -9) + 22.
-4
(-16 - -48) + -30 - (94 + (2 - 1))
-93
-1 - 6 - (-40 - (-21 - -2 - (53 + -62)))
23
Evaluate 1 + 6 - ((39 - -34 - -129) + -50).
-145
Evaluate 50 + 51 - (-21 - (17 - 25)).
114
Calculate 11 + -2 - (-5 - (50 + -21 + -30)).
13
Evaluate -177 - (7 - 3 - 49) - -3.
-129
What is the value of 5 - 10 - ((-15 - 8) + 21) - -3?
0
What is (30 - 31 - -1) + (-109 + 0 - (-7 - -5))?
-107
Calculate -7 - ((3 - 7) + 6 + -2 - -1).
-8
What is the value of (-31 - (-29 - -4)) + 0 + (-1 - 0)?
-7
Evaluate (33 - 6) + (-12 - -18) + -25.
8
(64 - 78) + 117 + (2 - (0 + 3))
102
Evaluate ((4 - 13) + -4 - -81) + -5 + 1 - 4.
60
Calculate -36 - -4 - 6 - (8 + -9 + 5).
-42
-1 + 56 + (-11 + 0 - (-21 + 13 + 4))
48
Evaluate (53 - 61 - (-23 + 3 + 1)) + (13 - 13).
11
-32 + (35 - -8) - -32
43
What is (-62 - -51 - -55) + -44?
0
Evaluate -16 + -1 - (-5 - (-1 - (-9 + 0))) - 55.
-59
What is the value of -7 - (-14 + 0 + (17 - (7 + 8)))?
5
Evaluate 22 - (-2 + 4) - (199 - (167 + -92)).
-104
What is the value of 31 + -42 - (8 - (-2 - (4 - 4)))?
-21
What is the value of -19 + -4 + 29 + (-3 - 3) + 6?
6
What is the value of 20 + 100 - ((7 - -55) + -32)?
90
Evaluate 21 + -3 - (47 + -63 + 5 + 2).
27
Calculate -21 - ((-10 + 3 - 4) + -23).
13
Calculate (-15 - -25) + (-7 + 25 - 0 - 4).
24
Evaluate 50 + -45 - (1 - (5 + 37 + -5)).
41
What is the value of 13 - ((1 - -50) + (-82 - -77)) - 7?
-40
What is 118 + -18 - (-28 + -39 + 23)?
144
What is the value of -7 - (-2 + 7 + -9 + -4 + -7 + 14)?
-6
Calculate (4 + 1 - (-59 + 51)) + -33.
-20
What is the value of -22 - -15 - (12 - 2) - (-1 + -1)?
-15
-5 + -13 + -23 + -17 + -26 + 55
-29
What is the value of (-1490 - -1524) + 1 + -30 + 1 + 54?
60
Calculate (29 + 40 - 0) + (6 + -1 - (-3 + 10)).
67
-51 - -43 - (-2 - (-2 - (9 + -96)))
79
8 - (-7 + (-6 - -10) - -11 - (-10 + -15))
-25
Evaluate (-30 + 9 - 51 - (0 - -1)) + 10.
-63
Calculate 96 - (2 - 10 - ((-23 - (-1 - 10)) + 15)).
107
What is the value of 15 - (740 - 737 - (-13 + 1)) - 24?
-24
Calculate -10 + (-144 - (25 - 102)).
-77
What is (39 + -28 - (0 - 1 - -2)) + (0 - 8)?
2
What is (-2 - 35) + -24 + 36?
-25
Calculate -14 + (-33 - -16) + 11 + -5 + (-2 - 80).
-107
Evaluate -18 + 2 + (0 - -1) + (-1004 - -1046).
27
Evaluate -5 + -3 + 16 + (3 - (44 + -5)).
-28
157 - (-85 - -177) - 140
-75
What is the value of 3 - 2 - (-11 + -98 + -2 + (-18 - -45))?
85
Evaluate (1 - 0 